[INFO] cloning repository https://github.com/DanielMowitz/U4x
[INFO] running `Command { std: "git" "-c" "credential.helper=" "-c" "credential.helper=/workspace/cargo-home/bin/git-credential-null" "clone" "--bare" "https://github.com/DanielMowitz/U4x" "/workspace/cache/git-repos/https%3A%2F%2Fgithub.com%2FDanielMowitz%2FU4x", kill_on_drop: false }`
[INFO] [stderr] Cloning into bare repository '/workspace/cache/git-repos/https%3A%2F%2Fgithub.com%2FDanielMowitz%2FU4x'...
[INFO] running `Command { std: "git" "rev-parse" "HEAD", kill_on_drop: false }`
[INFO] [stdout] b924d38cd88178ce05b1de5c6d5ea0b64aaf12b0
[INFO] checking DanielMowitz/U4x against master#cfbc6d4cf1acbac5c025acf8ed68929caa551df3 for pr-75494-beta
[INFO] running `Command { std: "git" "clone" "/workspace/cache/git-repos/https%3A%2F%2Fgithub.com%2FDanielMowitz%2FU4x" "/workspace/builds/worker-1/source", kill_on_drop: false }`
[INFO] [stderr] Cloning into '/workspace/builds/worker-1/source'...
[INFO] [stderr] done.
[INFO] validating manifest of git repo https://github.com/DanielMowitz/U4x on toolchain cfbc6d4cf1acbac5c025acf8ed68929caa551df3
[INFO] running `Command { std: "/workspace/cargo-home/bin/cargo" "+cfbc6d4cf1acbac5c025acf8ed68929caa551df3" "read-manifest" "--manifest-path" "Cargo.toml", kill_on_drop: false }`
[INFO] started tweaking git repo https://github.com/DanielMowitz/U4x
[INFO] finished tweaking git repo https://github.com/DanielMowitz/U4x
[INFO] tweaked toml for git repo https://github.com/DanielMowitz/U4x written to /workspace/builds/worker-1/source/Cargo.toml
[INFO] crate git repo https://github.com/DanielMowitz/U4x already has a lockfile, it will not be regenerated
[INFO] running `Command { std: "/workspace/cargo-home/bin/cargo" "+cfbc6d4cf1acbac5c025acf8ed68929caa551df3" "fetch" "--locked" "--manifest-path" "Cargo.toml", kill_on_drop: false }`
[INFO] running `Command { std: "docker" "create" "-v" "/var/lib/crater-agent-workspace/builds/worker-1/target:/opt/rustwide/target:rw,Z" "-v" "/var/lib/crater-agent-workspace/builds/worker-1/source:/opt/rustwide/workdir:ro,Z" "-v" "/var/lib/crater-agent-workspace/cargo-home:/opt/rustwide/cargo-home:ro,Z" "-v" "/var/lib/crater-agent-workspace/rustup-home:/opt/rustwide/rustup-home:ro,Z" "-e" "SOURCE_DIR=/opt/rustwide/workdir" "-e" "CARGO_TARGET_DIR=/opt/rustwide/target" "-e" "CARGO_HOME=/opt/rustwide/cargo-home" "-e" "RUSTUP_HOME=/opt/rustwide/rustup-home" "-w" "/opt/rustwide/workdir" "-m" "1610612736" "--user" "0:0" "--network" "none" "rustops/crates-build-env@sha256:a636fd89d022f18117e1dc8fb37a0a009933cdbbe082814857f0e2024962d47c" "/opt/rustwide/cargo-home/bin/cargo" "+cfbc6d4cf1acbac5c025acf8ed68929caa551df3" "metadata" "--no-deps" "--format-version=1", kill_on_drop: false }`
[INFO] [stderr] WARNING: Your kernel does not support swap limit capabilities or the cgroup is not mounted. Memory limited without swap.
[INFO] [stdout] 62ce0ca0342ceabbed8b68a40f26fe4fb1451033d8aec51646841e1994d4ce8d
[INFO] running `Command { std: "docker" "start" "-a" "62ce0ca0342ceabbed8b68a40f26fe4fb1451033d8aec51646841e1994d4ce8d", kill_on_drop: false }`
[INFO] running `Command { std: "docker" "inspect" "62ce0ca0342ceabbed8b68a40f26fe4fb1451033d8aec51646841e1994d4ce8d", kill_on_drop: false }`
[INFO] running `Command { std: "docker" "rm" "-f" "62ce0ca0342ceabbed8b68a40f26fe4fb1451033d8aec51646841e1994d4ce8d", kill_on_drop: false }`
[INFO] [stdout] 62ce0ca0342ceabbed8b68a40f26fe4fb1451033d8aec51646841e1994d4ce8d
[INFO] running `Command { std: "docker" "create" "-v" "/var/lib/crater-agent-workspace/builds/worker-1/target:/opt/rustwide/target:rw,Z" "-v" "/var/lib/crater-agent-workspace/builds/worker-1/source:/opt/rustwide/workdir:ro,Z" "-v" "/var/lib/crater-agent-workspace/cargo-home:/opt/rustwide/cargo-home:ro,Z" "-v" "/var/lib/crater-agent-workspace/rustup-home:/opt/rustwide/rustup-home:ro,Z" "-e" "SOURCE_DIR=/opt/rustwide/workdir" "-e" "CARGO_TARGET_DIR=/opt/rustwide/target" "-e" "CARGO_INCREMENTAL=0" "-e" "RUST_BACKTRACE=full" "-e" "RUSTFLAGS=--cap-lints=forbid" "-e" "CARGO_HOME=/opt/rustwide/cargo-home" "-e" "RUSTUP_HOME=/opt/rustwide/rustup-home" "-w" "/opt/rustwide/workdir" "-m" "1610612736" "--user" "0:0" "--network" "none" "rustops/crates-build-env@sha256:a636fd89d022f18117e1dc8fb37a0a009933cdbbe082814857f0e2024962d47c" "/opt/rustwide/cargo-home/bin/cargo" "+cfbc6d4cf1acbac5c025acf8ed68929caa551df3" "check" "--frozen" "--all" "--all-targets" "--message-format=json", kill_on_drop: false }`
[INFO] [stdout] 71dac9d1781f418901e1f4979407c9b18d1d4a4b2cc3650de1192dbd19308a2d
[INFO] [stderr] WARNING: Your kernel does not support swap limit capabilities or the cgroup is not mounted. Memory limited without swap.
[INFO] running `Command { std: "docker" "start" "-a" "71dac9d1781f418901e1f4979407c9b18d1d4a4b2cc3650de1192dbd19308a2d", kill_on_drop: false }`
[INFO] [stderr]    Compiling autocfg v0.1.2
[INFO] [stderr]    Compiling libc v0.2.49
[INFO] [stderr]     Checking lazy_static v1.2.0
[INFO] [stderr]     Checking bitflags v1.0.4
[INFO] [stderr]     Checking rand_core v0.3.1
[INFO] [stderr]    Compiling sdl2-sys v0.32.5
[INFO] [stderr]     Checking rand_xorshift v0.1.1
[INFO] [stderr]     Checking rand_hc v0.1.0
[INFO] [stderr]     Checking rand_isaac v0.1.1
[INFO] [stderr]    Compiling rand_chacha v0.1.1
[INFO] [stderr]    Compiling rand_pcg v0.1.2
[INFO] [stderr]    Compiling rand v0.6.5
[INFO] [stderr]     Checking rand_os v0.1.2
[INFO] [stderr]     Checking rand v0.5.6
[INFO] [stderr]     Checking sdl2 v0.32.1
[INFO] [stderr]     Checking frame v0.1.0 (/opt/rustwide/workdir)
[INFO] [stdout] error: `#[test]` attribute is only allowed on non associated functions
[INFO] [stdout]    --> src/renderer.rs:84:2
[INFO] [stdout]     |
[INFO] [stdout] 84  |       pub fn test(&mut self, img: Img) -> bool {
[INFO] [stdout]     |  _____^
[INFO] [stdout] 85  | |         print!("This is the Test function!\n");
[INFO] [stdout] 86  | |         self.canvas.set_draw_color(Color::RGB(0, 0, 0));
[INFO] [stdout] 87  | |         self.canvas.clear();
[INFO] [stdout] ...   |
[INFO] [stdout] 101 | |         return true;
[INFO] [stdout] 102 | |     }
[INFO] [stdout]     | |_____^
[INFO] [stdout] 
[INFO] [stdout] 
[INFO] [stdout] error[E0432]: unresolved import `test_object::TestObj`
[INFO] [stdout]   --> src/tests.rs:17:5
[INFO] [stdout]    |
[INFO] [stdout] 17 | use test_object::TestObj;
[INFO] [stdout]    |     ^^^^^^^^^^^^^^^^^^^^ no `TestObj` in `test_object`
[INFO] [stdout] 
[INFO] [stdout] 
[INFO] [stdout] error[E0554]: `#![feature]` may not be used on the beta release channel
[INFO] [stdout]  --> src/lib.rs:1:1
[INFO] [stdout]   |
[INFO] [stdout] 1 | #![feature(duration_float)]
[INFO] [stdout]   | ^^^^^^^^^^^^^^^^^^^^^^^^^^^
[INFO] [stdout] 
[INFO] [stdout] 
[INFO] [stdout] warning: trait objects without an explicit `dyn` are deprecated
[INFO] [stdout]   --> src/dispatcher.rs:23:44
[INFO] [stdout]    |
[INFO] [stdout] 23 |     pub store_refs: Option<Vec<Option<&'a mut Store<'a>>>>,
[INFO] [stdout]    |                                               ^^^^^^^^^ help: use `dyn`: `dyn Store<'a>`
[INFO] [stdout]    |
[INFO] [stdout]    = note: `#[warn(bare_trait_objects)]` on by default
[INFO] [stdout] 
[INFO] [stdout] 
[INFO] [stdout] warning: trait objects without an explicit `dyn` are deprecated
[INFO] [stdout]    --> src/dispatcher.rs:216:55
[INFO] [stdout]     |
[INFO] [stdout] 216 |     pub fn enter_refs(&mut self, references: Vec<&'a mut Store<'a>>) {
[INFO] [stdout]     |                                                          ^^^^^^^^^ help: use `dyn`: `dyn Store<'a>`
[INFO] [stdout] 
[INFO] [stdout] 
[INFO] [stdout] warning: trait objects without an explicit `dyn` are deprecated
[INFO] [stdout]    --> src/dispatcher.rs:217:48
[INFO] [stdout]     |
[INFO] [stdout] 217 |         let mut local_store_refs: Vec<Option<&'a mut Store<'a>>>;
[INFO] [stdout]     |                                                      ^^^^^^^^^ help: use `dyn`: `dyn Store<'a>`
[INFO] [stdout] 
[INFO] [stdout] 
[INFO] [stdout] warning: trait objects without an explicit `dyn` are deprecated
[INFO] [stdout]  --> src/store.rs:5:22
[INFO] [stdout]   |
[INFO] [stdout] 5 |     NoNewAction(&'a mut Store<'a>),
[INFO] [stdout]   |                         ^^^^^^^^^ help: use `dyn`: `dyn Store<'a>`
[INFO] [stdout] 
[INFO] [stdout] 
[INFO] [stdout] warning: trait objects without an explicit `dyn` are deprecated
[INFO] [stdout]  --> src/store.rs:6:60
[INFO] [stdout]   |
[INFO] [stdout] 6 |     NewAction(Vec<Action>, /*add to secondary*/ bool, &'a mut Store<'a>),
[INFO] [stdout]   |                                                               ^^^^^^^^^ help: use `dyn`: `dyn Store<'a>`
[INFO] [stdout] 
[INFO] [stdout] 
[INFO] [stdout] warning: trait objects without an explicit `dyn` are deprecated
[INFO] [stdout]   --> src/store.rs:10:22
[INFO] [stdout]    |
[INFO] [stdout] 10 |     NoNewAction(&'a mut super::scene_manager::Scene<'a>),
[INFO] [stdout]    |                         ^^^^^^^^^^^^^^^^^^^^^^^^^^^^^^^ help: use `dyn`: `dyn super::scene_manager::Scene<'a>`
[INFO] [stdout] 
[INFO] [stdout] 
[INFO] [stdout] warning: trait objects without an explicit `dyn` are deprecated
[INFO] [stdout]   --> src/store.rs:11:40
[INFO] [stdout]    |
[INFO] [stdout] 11 |     NewAction(Vec<MenuSubAction>, &'a mut super::scene_manager::Scene<'a>),
[INFO] [stdout]    |                                           ^^^^^^^^^^^^^^^^^^^^^^^^^^^^^^^ help: use `dyn`: `dyn super::scene_manager::Scene<'a>`
[INFO] [stdout] 
[INFO] [stdout] 
[INFO] [stdout] warning: unnecessary parentheses around type
[INFO] [stdout]   --> src/img.rs:75:14
[INFO] [stdout]    |
[INFO] [stdout] 75 |     type Item = (Vec<u8>);
[INFO] [stdout]    |                 ^^^^^^^^^ help: remove these parentheses
[INFO] [stdout]    |
[INFO] [stdout]    = note: `#[warn(unused_parens)]` on by default
[INFO] [stdout] 
[INFO] [stdout] 
[INFO] [stdout] warning: trait objects without an explicit `dyn` are deprecated
[INFO] [stdout]  --> src/button.rs:7:16
[INFO] [stdout]   |
[INFO] [stdout] 7 |     click_fn: Box<Fn() -> MenuSubAction>,
[INFO] [stdout]   |                   ^^^^^^^^^^^^^^^^^^^^^ help: use `dyn`: `dyn Fn() -> MenuSubAction`
[INFO] [stdout] 
[INFO] [stdout] 
[INFO] [stdout] warning: trait objects without an explicit `dyn` are deprecated
[INFO] [stdout]   --> src/button.rs:20:41
[INFO] [stdout]    |
[INFO] [stdout] 20 |     pub fn set_onclick(&mut self, fun: Box<Fn() -> MenuSubAction>) {
[INFO] [stdout]    |                                            ^^^^^^^^^^^^^^^^^^^^^ help: use `dyn`: `dyn Fn() -> MenuSubAction`
[INFO] [stdout] 
[INFO] [stdout] 
[INFO] [stdout] warning: trait objects without an explicit `dyn` are deprecated
[INFO] [stdout]   --> src/button.rs:42:43
[INFO] [stdout]    |
[INFO] [stdout] 42 |     pub fn new(sprite: Sprite, click_fn: Box<Fn() -> MenuSubAction>) -> Self {
[INFO] [stdout]    |                                              ^^^^^^^^^^^^^^^^^^^^^ help: use `dyn`: `dyn Fn() -> MenuSubAction`
[INFO] [stdout] 
[INFO] [stdout] 
[INFO] [stdout] warning: trait objects without an explicit `dyn` are deprecated
[INFO] [stdout]   --> src/scene_manager.rs:55:36
[INFO] [stdout]    |
[INFO] [stdout] 55 |     scenes: Option<Vec<Option<&'a mut Scene<'a>>>>,
[INFO] [stdout]    |                                       ^^^^^^^^^ help: use `dyn`: `dyn Scene<'a>`
[INFO] [stdout] 
[INFO] [stdout] 
[INFO] [stdout] warning: trait objects without an explicit `dyn` are deprecated
[INFO] [stdout]   --> src/scene_manager.rs:68:55
[INFO] [stdout]    |
[INFO] [stdout] 68 |     pub fn add_scenes(&mut self, references: Vec<&'a mut Scene<'a>>) {
[INFO] [stdout]    |                                                          ^^^^^^^^^ help: use `dyn`: `dyn Scene<'a>`
[INFO] [stdout] 
[INFO] [stdout] 
[INFO] [stdout] warning: trait objects without an explicit `dyn` are deprecated
[INFO] [stdout]   --> src/scene_manager.rs:69:44
[INFO] [stdout]    |
[INFO] [stdout] 69 |         let mut local_scenes: Vec<Option<&'a mut Scene<'a>>>;
[INFO] [stdout]    |                                                  ^^^^^^^^^ help: use `dyn`: `dyn Scene<'a>`
[INFO] [stdout] 
[INFO] [stdout] 
[INFO] [stdout] warning: unused import: `std::collections::VecDeque`
[INFO] [stdout]  --> src/tests.rs:4:5
[INFO] [stdout]   |
[INFO] [stdout] 4 | use std::collections::VecDeque;
[INFO] [stdout]   |     ^^^^^^^^^^^^^^^^^^^^^^^^^^
[INFO] [stdout]   |
[INFO] [stdout]   = note: `#[warn(unused_imports)]` on by default
[INFO] [stdout] 
[INFO] [stdout] 
[INFO] [stdout] warning: unused import: `std::io::Read`
[INFO] [stdout]  --> src/tests.rs:6:5
[INFO] [stdout]   |
[INFO] [stdout] 6 | use std::io::Read;
[INFO] [stdout]   |     ^^^^^^^^^^^^^
[INFO] [stdout] 
[INFO] [stdout] 
[INFO] [stdout] warning: unused import: `std::thread::sleep`
[INFO] [stdout]  --> src/tests.rs:7:5
[INFO] [stdout]   |
[INFO] [stdout] 7 | use std::thread::sleep;
[INFO] [stdout]   |     ^^^^^^^^^^^^^^^^^^
[INFO] [stdout] 
[INFO] [stdout] 
[INFO] [stdout] warning: unused import: `std::time::Duration`
[INFO] [stdout]  --> src/tests.rs:8:5
[INFO] [stdout]   |
[INFO] [stdout] 8 | use std::time::Duration;
[INFO] [stdout]   |     ^^^^^^^^^^^^^^^^^^^
[INFO] [stdout] 
[INFO] [stdout] 
[INFO] [stdout] warning: unused import: `sdl2::video::Window`
[INFO] [stdout]   --> src/tests.rs:11:5
[INFO] [stdout]    |
[INFO] [stdout] 11 | use sdl2::video::Window;
[INFO] [stdout]    |     ^^^^^^^^^^^^^^^^^^^
[INFO] [stdout] 
[INFO] [stdout] 
[INFO] [stdout] warning: trait objects without an explicit `dyn` are deprecated
[INFO] [stdout]   --> src/lib.rs:20:86
[INFO] [stdout]    |
[INFO] [stdout] 20 | pub fn game_loop<'a>(disp: & mut dispatcher::Dispatcher<'a>, store_refs: Vec<&'a mut store::Store<'a>>) {
[INFO] [stdout]    |                                                                                      ^^^^^^^^^^^^^^^^ help: use `dyn`: `dyn store::Store<'a>`
[INFO] [stdout] 
[INFO] [stdout] 
[INFO] [stdout] error[E0554]: `#![feature]` may not be used on the beta release channel
[INFO] [stdout]  --> src/lib.rs:1:1
[INFO] [stdout]   |
[INFO] [stdout] 1 | #![feature(duration_float)]
[INFO] [stdout]   | ^^^^^^^^^^^^^^^^^^^^^^^^^^^
[INFO] [stdout] 
[INFO] [stdout] 
[INFO] [stdout] warning: trait objects without an explicit `dyn` are deprecated
[INFO] [stdout]   --> src/dispatcher.rs:23:44
[INFO] [stdout]    |
[INFO] [stdout] 23 |     pub store_refs: Option<Vec<Option<&'a mut Store<'a>>>>,
[INFO] [stdout]    |                                               ^^^^^^^^^ help: use `dyn`: `dyn Store<'a>`
[INFO] [stdout]    |
[INFO] [stdout]    = note: `#[warn(bare_trait_objects)]` on by default
[INFO] [stdout] 
[INFO] [stdout] 
[INFO] [stdout] warning: trait objects without an explicit `dyn` are deprecated
[INFO] [stdout]    --> src/dispatcher.rs:216:55
[INFO] [stdout]     |
[INFO] [stdout] 216 |     pub fn enter_refs(&mut self, references: Vec<&'a mut Store<'a>>) {
[INFO] [stdout]     |                                                          ^^^^^^^^^ help: use `dyn`: `dyn Store<'a>`
[INFO] [stdout] 
[INFO] [stdout] 
[INFO] [stdout] warning: trait objects without an explicit `dyn` are deprecated
[INFO] [stdout]    --> src/dispatcher.rs:217:48
[INFO] [stdout]     |
[INFO] [stdout] 217 |         let mut local_store_refs: Vec<Option<&'a mut Store<'a>>>;
[INFO] [stdout]     |                                                      ^^^^^^^^^ help: use `dyn`: `dyn Store<'a>`
[INFO] [stdout] 
[INFO] [stdout] 
[INFO] [stdout] warning: trait objects without an explicit `dyn` are deprecated
[INFO] [stdout]  --> src/store.rs:5:22
[INFO] [stdout]   |
[INFO] [stdout] 5 |     NoNewAction(&'a mut Store<'a>),
[INFO] [stdout]   |                         ^^^^^^^^^ help: use `dyn`: `dyn Store<'a>`
[INFO] [stdout] 
[INFO] [stdout] 
[INFO] [stdout] warning: trait objects without an explicit `dyn` are deprecated
[INFO] [stdout]  --> src/store.rs:6:60
[INFO] [stdout]   |
[INFO] [stdout] 6 |     NewAction(Vec<Action>, /*add to secondary*/ bool, &'a mut Store<'a>),
[INFO] [stdout]   |                                                               ^^^^^^^^^ help: use `dyn`: `dyn Store<'a>`
[INFO] [stdout] 
[INFO] [stdout] 
[INFO] [stdout] warning: trait objects without an explicit `dyn` are deprecated
[INFO] [stdout]   --> src/store.rs:10:22
[INFO] [stdout]    |
[INFO] [stdout] 10 |     NoNewAction(&'a mut super::scene_manager::Scene<'a>),
[INFO] [stdout]    |                         ^^^^^^^^^^^^^^^^^^^^^^^^^^^^^^^ help: use `dyn`: `dyn super::scene_manager::Scene<'a>`
[INFO] [stdout] 
[INFO] [stdout] 
[INFO] [stdout] warning: trait objects without an explicit `dyn` are deprecated
[INFO] [stdout]   --> src/store.rs:11:40
[INFO] [stdout]    |
[INFO] [stdout] 11 |     NewAction(Vec<MenuSubAction>, &'a mut super::scene_manager::Scene<'a>),
[INFO] [stdout]    |                                           ^^^^^^^^^^^^^^^^^^^^^^^^^^^^^^^ help: use `dyn`: `dyn super::scene_manager::Scene<'a>`
[INFO] [stdout] 
[INFO] [stdout] 
[INFO] [stdout] warning: unused import: `std::thread::sleep`
[INFO] [stdout]  --> src/renderer.rs:3:5
[INFO] [stdout]   |
[INFO] [stdout] 3 | use std::thread::sleep;
[INFO] [stdout]   |     ^^^^^^^^^^^^^^^^^^
[INFO] [stdout]   |
[INFO] [stdout]   = note: `#[warn(unused_imports)]` on by default
[INFO] [stdout] 
[INFO] [stdout] 
[INFO] [stdout] warning: unused import: `std::time::Duration`
[INFO] [stdout]  --> src/renderer.rs:4:5
[INFO] [stdout]   |
[INFO] [stdout] 4 | use std::time::Duration;
[INFO] [stdout]   |     ^^^^^^^^^^^^^^^^^^^
[INFO] [stdout] 
[INFO] [stdout] 
[INFO] [stdout] warning: unnecessary parentheses around type
[INFO] [stdout]   --> src/img.rs:75:14
[INFO] [stdout]    |
[INFO] [stdout] 75 |     type Item = (Vec<u8>);
[INFO] [stdout]    |                 ^^^^^^^^^ help: remove these parentheses
[INFO] [stdout]    |
[INFO] [stdout]    = note: `#[warn(unused_parens)]` on by default
[INFO] [stdout] 
[INFO] [stdout] 
[INFO] [stdout] warning: trait objects without an explicit `dyn` are deprecated
[INFO] [stdout]  --> src/button.rs:7:16
[INFO] [stdout]   |
[INFO] [stdout] 7 |     click_fn: Box<Fn() -> MenuSubAction>,
[INFO] [stdout]   |                   ^^^^^^^^^^^^^^^^^^^^^ help: use `dyn`: `dyn Fn() -> MenuSubAction`
[INFO] [stdout] 
[INFO] [stdout] 
[INFO] [stdout] warning: trait objects without an explicit `dyn` are deprecated
[INFO] [stdout]   --> src/button.rs:20:41
[INFO] [stdout]    |
[INFO] [stdout] 20 |     pub fn set_onclick(&mut self, fun: Box<Fn() -> MenuSubAction>) {
[INFO] [stdout]    |                                            ^^^^^^^^^^^^^^^^^^^^^ help: use `dyn`: `dyn Fn() -> MenuSubAction`
[INFO] [stdout] 
[INFO] [stdout] 
[INFO] [stdout] warning: trait objects without an explicit `dyn` are deprecated
[INFO] [stdout]   --> src/button.rs:42:43
[INFO] [stdout]    |
[INFO] [stdout] 42 |     pub fn new(sprite: Sprite, click_fn: Box<Fn() -> MenuSubAction>) -> Self {
[INFO] [stdout]    |                                              ^^^^^^^^^^^^^^^^^^^^^ help: use `dyn`: `dyn Fn() -> MenuSubAction`
[INFO] [stdout] 
[INFO] [stdout] 
[INFO] [stdout] warning: trait objects without an explicit `dyn` are deprecated
[INFO] [stdout]   --> src/scene_manager.rs:55:36
[INFO] [stdout]    |
[INFO] [stdout] 55 |     scenes: Option<Vec<Option<&'a mut Scene<'a>>>>,
[INFO] [stdout]    |                                       ^^^^^^^^^ help: use `dyn`: `dyn Scene<'a>`
[INFO] [stdout] 
[INFO] [stdout] 
[INFO] [stdout] warning: trait objects without an explicit `dyn` are deprecated
[INFO] [stdout]   --> src/scene_manager.rs:68:55
[INFO] [stdout]    |
[INFO] [stdout] 68 |     pub fn add_scenes(&mut self, references: Vec<&'a mut Scene<'a>>) {
[INFO] [stdout]    |                                                          ^^^^^^^^^ help: use `dyn`: `dyn Scene<'a>`
[INFO] [stdout] 
[INFO] [stdout] 
[INFO] [stdout] warning: trait objects without an explicit `dyn` are deprecated
[INFO] [stdout]   --> src/scene_manager.rs:69:44
[INFO] [stdout]    |
[INFO] [stdout] 69 |         let mut local_scenes: Vec<Option<&'a mut Scene<'a>>>;
[INFO] [stdout]    |                                                  ^^^^^^^^^ help: use `dyn`: `dyn Scene<'a>`
[INFO] [stdout] 
[INFO] [stdout] 
[INFO] [stdout] warning: trait objects without an explicit `dyn` are deprecated
[INFO] [stdout]   --> src/lib.rs:20:86
[INFO] [stdout]    |
[INFO] [stdout] 20 | pub fn game_loop<'a>(disp: & mut dispatcher::Dispatcher<'a>, store_refs: Vec<&'a mut store::Store<'a>>) {
[INFO] [stdout]    |                                                                                      ^^^^^^^^^^^^^^^^ help: use `dyn`: `dyn store::Store<'a>`
[INFO] [stdout] 
[INFO] [stdout] 
[INFO] [stdout] error[E0061]: this function takes 2 arguments but 3 arguments were supplied
[INFO] [stdout]    --> src/tests.rs:137:24
[INFO] [stdout]     |
[INFO] [stdout] 137 |       let mut test_button = Button::new(
[INFO] [stdout]     |                             ^^^^^^^^^^^ expected 2 arguments
[INFO] [stdout] 138 |           button_sprite,
[INFO] [stdout]     |           -------------
[INFO] [stdout] 139 |           (0, 0),
[INFO] [stdout]     |           ------
[INFO] [stdout] 140 |           Box::new(|| {
[INFO] [stdout]     |  _________-
[INFO] [stdout] 141 | |             println!("Clicked button!");
[INFO] [stdout] 142 | |             return MenuSubAction::QuitAction;
[INFO] [stdout] 143 | |         }),
[INFO] [stdout]     | |__________- supplied 3 arguments
[INFO] [stdout]     | 
[INFO] [stdout]    ::: src/button.rs:42:5
[INFO] [stdout]     |
[INFO] [stdout] 42  |       pub fn new(sprite: Sprite, click_fn: Box<Fn() -> MenuSubAction>) -> Self {
[INFO] [stdout]     |       ------------------------------------------------------------------------ defined here
[INFO] [stdout] 
[INFO] [stdout] 
[INFO] [stdout] error: aborting due to 4 previous errors; 20 warnings emitted
[INFO] [stdout] 
[INFO] [stdout] 
[INFO] [stdout] Some errors have detailed explanations: E0061, E0432, E0554.
[INFO] [stdout] 
[INFO] [stdout] For more information about an error, try `rustc --explain E0061`.
[INFO] [stdout] 
[INFO] [stderr] error: could not compile `frame`.
[INFO] [stderr] 
[INFO] [stderr] To learn more, run the command again with --verbose.
[INFO] [stderr] warning: build failed, waiting for other jobs to finish...
[INFO] [stdout] error: aborting due to previous error; 17 warnings emitted
[INFO] [stdout] 
[INFO] [stdout] 
[INFO] [stdout] For more information about this error, try `rustc --explain E0554`.
[INFO] [stdout] 
[INFO] [stderr] error: build failed
[INFO] running `Command { std: "docker" "inspect" "71dac9d1781f418901e1f4979407c9b18d1d4a4b2cc3650de1192dbd19308a2d", kill_on_drop: false }`
[INFO] running `Command { std: "docker" "rm" "-f" "71dac9d1781f418901e1f4979407c9b18d1d4a4b2cc3650de1192dbd19308a2d", kill_on_drop: false }`
[INFO] [stdout] 71dac9d1781f418901e1f4979407c9b18d1d4a4b2cc3650de1192dbd19308a2d
